{"id":7,"date":"2015-12-04T02:08:28","date_gmt":"2015-12-04T02:08:28","guid":{"rendered":"http:\/\/theme-fusion.com\/avada\/construction\/?page_id=7"},"modified":"2022-03-03T15:24:37","modified_gmt":"2022-03-03T14:24:37","slug":"empresa","status":"publish","type":"page","link":"https:\/\/almacen-ferreteria.com\/index.php\/empresa\/","title":{"rendered":"Empresa"},"content":{"rendered":"<p><div class=\"fusion-fullwidth fullwidth-box fusion-builder-row-1 fusion-flex-container hundred-percent-fullwidth non-hundred-percent-height-scrolling fusion-animated\" style=\"background-color: rgba(255,255,255,0);background-position: center center;background-repeat: no-repeat;border-width: 0px 0px 0px 0px;border-color:#eae9e9;border-style:solid;\" data-animationType=\"fadeInLeft\" data-animationDuration=\"0.3\" data-animationOffset=\"top-into-view\" ><div class=\"fusion-builder-row fusion-row fusion-flex-align-items-flex-start\" style=\"width:104% !important;max-width:104% !important;margin-left: calc(-4% \/ 2 );margin-right: calc(-4% \/ 2 );\"><div class=\"fusion-layout-column fusion_builder_column fusion-builder-column-0 fusion_builder_column_1_3 1_3 fusion-flex-column\"><div class=\"fusion-column-wrapper fusion-flex-justify-content-flex-start fusion-content-layout-column\" style=\"background-position:left top;background-repeat:no-repeat;-webkit-background-size:cover;-moz-background-size:cover;-o-background-size:cover;background-size:cover;padding: 0px 0px 0px 0px;\"><div class=\"fusion-content-boxes content-boxes columns row fusion-columns-1 fusion-columns-total-1 fusion-content-boxes-1 content-boxes-icon-on-top content-left\" data-animationOffset=\"top-into-view\" style=\"margin-top:20px;margin-bottom:60px;\"><style type=\"text\/css\">.fusion-content-boxes-1 .heading .content-box-heading {color:#3a4c70;}\n\t\t\t\t\t.fusion-content-boxes-1 .fusion-content-box-hover .link-area-link-icon-hover .heading .content-box-heading,\n\t\t\t\t\t.fusion-content-boxes-1 .fusion-content-box-hover .link-area-link-icon-hover .heading .heading-link .content-box-heading,\n\t\t\t\t\t.fusion-content-boxes-1 .fusion-content-box-hover .link-area-box-hover .heading .content-box-heading,\n\t\t\t\t\t.fusion-content-boxes-1 .fusion-content-box-hover .link-area-box-hover .heading .heading-link .content-box-heading,\n\t\t\t\t\t.fusion-content-boxes-1 .fusion-content-box-hover .link-area-link-icon-hover.link-area-box .fusion-read-more,\n\t\t\t\t\t.fusion-content-boxes-1 .fusion-content-box-hover .link-area-link-icon-hover.link-area-box .fusion-read-more::after,\n\t\t\t\t\t.fusion-content-boxes-1 .fusion-content-box-hover .link-area-link-icon-hover.link-area-box .fusion-read-more::before,\n\t\t\t\t\t.fusion-content-boxes-1 .fusion-content-box-hover .fusion-read-more:hover:after,\n\t\t\t\t\t.fusion-content-boxes-1 .fusion-content-box-hover .fusion-read-more:hover:before,\n\t\t\t\t\t.fusion-content-boxes-1 .fusion-content-box-hover .fusion-read-more:hover,\n\t\t\t\t\t.fusion-content-boxes-1 .fusion-content-box-hover .link-area-box-hover.link-area-box .fusion-read-more,\n\t\t\t\t\t.fusion-content-boxes-1 .fusion-content-box-hover .link-area-box-hover.link-area-box .fusion-read-more::after,\n\t\t\t\t\t.fusion-content-boxes-1 .fusion-content-box-hover .link-area-box-hover.link-area-box .fusion-read-more::before,\n\t\t\t\t\t.fusion-content-boxes-1 .fusion-content-box-hover .link-area-link-icon-hover .icon .circle-no,\n\t\t\t\t\t.fusion-content-boxes-1 .heading .heading-link:hover .content-box-heading {\n\t\t\t\t\t\tcolor: #3a4c70;\n\t\t\t\t\t}\n\t\t\t\t\t.fusion-content-boxes-1 .fusion-content-box-hover .link-area-box-hover .icon .circle-no {\n\t\t\t\t\t\tcolor: #3a4c70 !important;\n\t\t\t\t\t}.fusion-content-boxes-1 .fusion-content-box-hover .link-area-box.link-area-box-hover .fusion-content-box-button {background: #333333;color: #ffffff;}.fusion-content-boxes-1 .fusion-content-box-hover .link-area-box.link-area-box-hover .fusion-content-box-button .fusion-button-text {color: #ffffff;}\n\t\t\t\t\t.fusion-content-boxes-1 .fusion-content-box-hover .link-area-link-icon-hover .heading .icon > span {\n\t\t\t\t\t\tbackground-color: #3a4c70 !important;\n\t\t\t\t\t}\n\t\t\t\t\t.fusion-content-boxes-1 .fusion-content-box-hover .link-area-box-hover .heading .icon > span {\n\t\t\t\t\t\tborder-color: #3a4c70 !important;\n\t\t\t\t\t}\n\t\t\t\t\t\t.fusion-content-boxes-1 .fusion-content-box-hover .link-area-link-icon-hover.icon-hover-animation-pulsate .fontawesome-icon:after,\n\t\t\t\t\t\t.fusion-content-boxes-1 .fusion-content-box-hover .link-area-box-hover.icon-hover-animation-pulsate .fontawesome-icon:after,\n\t\t\t\t\t\t.fusion-content-boxes-1 .fusion-content-box-hover .link-area-link-icon-hover.icon-wrapper-hover-animation-pulsate .icon span:after,\n\t\t\t\t\t\t.fusion-content-boxes-1 .fusion-content-box-hover .link-area-box-hover.icon-wrapper-hover-animation-pulsate .icon span:after {\n\t\t\t\t\t\t\t-webkit-box-shadow:0 0 0 2px rgba(255,255,255,0.1), 0 0 10px 10px #3a4c70, 0 0 0 10px rgba(255,255,255,0.5);\n\t\t\t\t\t\t\t-moz-box-shadow:0 0 0 2px rgba(255,255,255,0.1), 0 0 10px 10px #3a4c70, 0 0 0 10px rgba(255,255,255,0.5);\n\t\t\t\t\t\t\tbox-shadow: 0 0 0 2px rgba(255,255,255,0.1), 0 0 10px 10px #3a4c70, 0 0 0 10px rgba(255,255,255,0.5);\n\t\t\t\t\t\t}\n\t\t\t\t\t<\/style><div class=\"fusion-column content-box-column content-box-column content-box-column-1 col-lg-12 col-md-12 col-sm-12 fusion-content-box-hover content-box-column-last content-box-column-last-in-row\"><div class=\"col content-box-wrapper content-wrapper-background link-area-link-icon icon-hover-animation-pulsate fusion-animated\" style=\"background-color:rgba(255,255,255,0.8);\" data-animationType=\"fadeInRight\" data-animationDuration=\"0.5\" data-animationOffset=\"top-into-view\"><div class=\"fusion-clearfix\"><\/div><div class=\"content-container\" style=\"color:#3a4c70;\">\n<h1 style=\"text-align: center; color: #000791;\">ELECTRO LLAVE SUMINISTROS<\/h1>\n<h2 style=\"text-align: center;\"><span style=\"color: #000791;\">Qui\u00e9nes somos<\/span><\/h2>\n<h3><span style=\"color: #000080;\"><b>Electrollave es una empresa fundada en 1994<\/b>, especialistas en art\u00edculos de cerrajer\u00eda, llaves en bruto JMA, mandos de garaje y ferreter\u00eda.<br \/>\n<b>Al ser pioneros como almac\u00e9n de suministros para cerrajeros y ferreter\u00edas sabemos perfectamente lo que demanda el sector. Por ello Electrollave pone a disposici\u00f3n de los clientes un amplio cat\u00e1logo de productos, con m\u00e1s de 30.000 referencias en stock permanente y con la posibilidad de suministrar cualquier referencia del cat\u00e1logo de nuestras marcas.<\/b><\/span><\/h3>\n<\/div><\/div><\/div><style type=\"text\/css\">\n\t\t\t\t\t\t.fusion-content-boxes-1 .fusion-content-box-hover .heading-link:hover .icon i.circle-yes,\n\t\t\t\t\t\t.fusion-content-boxes-1 .fusion-content-box-hover .link-area-box:hover .heading-link .icon i.circle-yes,\n\t\t\t\t\t\t.fusion-content-boxes-1 .fusion-content-box-hover .link-area-link-icon-hover .heading .icon i.circle-yes,\n\t\t\t\t\t\t.fusion-content-boxes-1 .fusion-content-box-hover .link-area-box-hover .heading .icon i.circle-yes {\n\t\t\t\t\t\t\tbackground-color: #3a4c70 !important;\n\t\t\t\t\t\t\tborder-color: #3a4c70 !important;\n\t\t\t\t\t\t}<\/style><div class=\"fusion-clearfix\"><\/div><\/div><\/div><style type=\"text\/css\">.fusion-body .fusion-builder-column-0{width:33.333333333333% !important;margin-top : 0px;margin-bottom : 0px;}.fusion-builder-column-0 > .fusion-column-wrapper {padding-top : 0px !important;padding-right : 0px !important;margin-right : 5.76%;padding-bottom : 0px !important;padding-left : 0px !important;margin-left : 5.76%;}@media only screen and (max-width:1024px) {.fusion-body .fusion-builder-column-0{width:100% !important;order : 0;}.fusion-builder-column-0 > .fusion-column-wrapper {margin-right : 1.92%;margin-left : 1.92%;}}@media only screen and (max-width:640px) {.fusion-body .fusion-builder-column-0{width:100% !important;order : 0;}.fusion-builder-column-0 > .fusion-column-wrapper {margin-right : 1.92%;margin-left : 1.92%;}}<\/style><\/div><div class=\"fusion-layout-column fusion_builder_column fusion-builder-column-1 fusion_builder_column_2_3 2_3 fusion-flex-column fusion-flex-align-self-center\"><div class=\"fusion-column-wrapper lazyload fusion-flex-justify-content-flex-start fusion-content-layout-block fusion-empty-column-bg-image\" style=\"background-position:center top;background-repeat:no-repeat;-webkit-background-size:cover;-moz-background-size:cover;-o-background-size:cover;background-size:cover;background-color:#afad28;padding: 0px 0px 0px 0px;\" data-bg-url=\"https:\/\/almacen-ferreteria.com\/wp-content\/uploads\/2021\/09\/DSC_5367-scaled.jpg\" data-bg=\"https:\/\/almacen-ferreteria.com\/wp-content\/uploads\/2021\/09\/DSC_5367-scaled.jpg\"><img class=\"fusion-empty-dims-img-placeholder\" src=\"data:image\/svg+xml,%3Csvg%20xmlns%3D%27http%3A%2F%2Fwww.w3.org%2F2000%2Fsvg%27%20width%3D%272560%27%20height%3D%271696%27%20viewBox%3D%270%200%202560%201696%27%3E%3Crect%20width%3D%272560%27%20height%3D%271696%27%20fill-opacity%3D%220%22%2F%3E%3C%2Fsvg%3E\"><\/div><style type=\"text\/css\">.fusion-body .fusion-builder-column-1{width:66.666666666667% !important;margin-top : 0px;margin-bottom : 0px;}.fusion-builder-column-1 > .fusion-column-wrapper {padding-top : 0px !important;padding-right : 0px !important;margin-right : 7.2%;padding-bottom : 0px !important;padding-left : 0px !important;margin-left : 2.88%;}@media only screen and (max-width:1024px) {.fusion-body .fusion-builder-column-1{width:100% !important;order : 0;}.fusion-builder-column-1 > .fusion-column-wrapper {margin-right : 1.92%;margin-left : 1.92%;}}@media only screen and (max-width:640px) {.fusion-body .fusion-builder-column-1{width:100% !important;order : 0;}.fusion-builder-column-1 > .fusion-column-wrapper {margin-right : 1.92%;margin-left : 1.92%;}}<\/style><\/div><\/div><style type=\"text\/css\">.fusion-body .fusion-flex-container.fusion-builder-row-1{ padding-top : 0px;margin-top : 0px;padding-right : 0px;padding-bottom : 0px;margin-bottom : 0px;padding-left : 0px;}<\/style><\/div><div class=\"fusion-fullwidth fullwidth-box fusion-builder-row-2 fusion-flex-container nonhundred-percent-fullwidth non-hundred-percent-height-scrolling\" style=\"background-color: rgba(255,255,255,0);background-position: left top;background-repeat: no-repeat;border-width: 0px 0px 0px 0px;border-color:#eae9e9;border-style:solid;\" ><div class=\"fusion-builder-row fusion-row fusion-flex-align-items-flex-start\" style=\"max-width:1216.8px;margin-left: calc(-4% \/ 2 );margin-right: calc(-4% \/ 2 );\"><\/div><style type=\"text\/css\">.fusion-body .fusion-flex-container.fusion-builder-row-2{ padding-top : 90px;margin-top : 0px;padding-right : 0px;padding-bottom : 90px;margin-bottom : 0px;padding-left : 0px;}@media only screen and (max-width:640px) {.fusion-body .fusion-flex-container.fusion-builder-row-2{ padding-bottom : 50px;}}<\/style><\/div><div class=\"fusion-fullwidth fullwidth-box fusion-builder-row-3 fusion-flex-container nonhundred-percent-fullwidth non-hundred-percent-height-scrolling\" style=\"background-color: rgba(255,255,255,0);background-position: center center;background-repeat: no-repeat;border-width: 0px 0px 0px 0px;border-color:#eae9e9;border-style:solid;\" ><div class=\"fusion-builder-row fusion-row fusion-flex-align-items-flex-start\" style=\"max-width:1216.8px;margin-left: calc(-4% \/ 2 );margin-right: calc(-4% \/ 2 );\"><div class=\"fusion-layout-column fusion_builder_column fusion-builder-column-2 fusion_builder_column_1_1 1_1 fusion-flex-column\"><div class=\"fusion-column-wrapper fusion-flex-justify-content-flex-start fusion-content-layout-column\" style=\"background-position:left top;background-blend-mode: overlay;background-repeat:no-repeat;-webkit-background-size:cover;-moz-background-size:cover;-o-background-size:cover;background-size:cover;padding: 0px 0px 0px 0px;\"><style type=\"text\/css\">.fusion-gallery-1 .fusion-gallery-image {border:5px solid #e2e2e2;-webkit-border-radius:10px;-moz-border-radius:10px;border-radius:10px;}<\/style><div class=\"fusion-gallery fusion-gallery-container fusion-grid-3 fusion-columns-total-6 fusion-gallery-layout-grid fusion-gallery-1\" style=\"margin:-5px;\"><div style=\"padding:5px;\" class=\"fusion-grid-column fusion-gallery-column fusion-gallery-column-3 hover-type-zoomin\"><div class=\"fusion-gallery-image\"><a href=\"https:\/\/almacen-ferreteria.com\/wp-content\/uploads\/2015\/12\/IMG_1874-scaled.jpg\" rel=\"noreferrer\" data-rel=\"iLightbox[gallery_image_1]\" class=\"fusion-lightbox\" target=\"_self\"><img src=\"https:\/\/almacen-ferreteria.com\/wp-content\/uploads\/2015\/12\/IMG_1874-scaled.jpg\" data-orig-src=\"https:\/\/almacen-ferreteria.com\/wp-content\/uploads\/2015\/12\/IMG_1874-scaled.jpg\" width=\"2560\" height=\"1707\" alt=\"\" title=\"IMG_1874\" aria-label=\"IMG_1874\" class=\"lazyload img-responsive wp-image-1877\" srcset=\"data:image\/svg+xml,%3Csvg%20xmlns%3D%27http%3A%2F%2Fwww.w3.org%2F2000%2Fsvg%27%20width%3D%272560%27%20height%3D%271707%27%20viewBox%3D%270%200%202560%201707%27%3E%3Crect%20width%3D%272560%27%20height%3D%271707%27%20fill-opacity%3D%220%22%2F%3E%3C%2Fsvg%3E\" data-srcset=\"https:\/\/almacen-ferreteria.com\/wp-content\/uploads\/2015\/12\/IMG_1874-200x133.jpg 200w, https:\/\/almacen-ferreteria.com\/wp-content\/uploads\/2015\/12\/IMG_1874-400x267.jpg 400w, https:\/\/almacen-ferreteria.com\/wp-content\/uploads\/2015\/12\/IMG_1874-600x400.jpg 600w, https:\/\/almacen-ferreteria.com\/wp-content\/uploads\/2015\/12\/IMG_1874-800x533.jpg 800w, https:\/\/almacen-ferreteria.com\/wp-content\/uploads\/2015\/12\/IMG_1874-1200x800.jpg 1200w, https:\/\/almacen-ferreteria.com\/wp-content\/uploads\/2015\/12\/IMG_1874-scaled.jpg 2560w\" data-sizes=\"auto\" data-orig-sizes=\"(min-width: 2200px) 100vw, (min-width: 824px) 387px, (min-width: 732px) 580px, (min-width: 640px) 732px, \" \/><\/a><\/div><\/div><div style=\"padding:5px;\" class=\"fusion-grid-column fusion-gallery-column fusion-gallery-column-3 hover-type-zoomin\"><div class=\"fusion-gallery-image\"><a href=\"https:\/\/almacen-ferreteria.com\/wp-content\/uploads\/2021\/09\/IMG_1881-scaled.jpg\" rel=\"noreferrer\" data-rel=\"iLightbox[gallery_image_1]\" class=\"fusion-lightbox\" target=\"_self\"><img src=\"https:\/\/almacen-ferreteria.com\/wp-content\/uploads\/2021\/09\/IMG_1881-scaled.jpg\" data-orig-src=\"https:\/\/almacen-ferreteria.com\/wp-content\/uploads\/2021\/09\/IMG_1881-scaled.jpg\" width=\"2560\" height=\"1707\" alt=\"\" title=\"IMG_1881\" aria-label=\"IMG_1881\" class=\"lazyload img-responsive wp-image-1885\" srcset=\"data:image\/svg+xml,%3Csvg%20xmlns%3D%27http%3A%2F%2Fwww.w3.org%2F2000%2Fsvg%27%20width%3D%272560%27%20height%3D%271707%27%20viewBox%3D%270%200%202560%201707%27%3E%3Crect%20width%3D%272560%27%20height%3D%271707%27%20fill-opacity%3D%220%22%2F%3E%3C%2Fsvg%3E\" data-srcset=\"https:\/\/almacen-ferreteria.com\/wp-content\/uploads\/2021\/09\/IMG_1881-200x133.jpg 200w, https:\/\/almacen-ferreteria.com\/wp-content\/uploads\/2021\/09\/IMG_1881-400x267.jpg 400w, https:\/\/almacen-ferreteria.com\/wp-content\/uploads\/2021\/09\/IMG_1881-600x400.jpg 600w, https:\/\/almacen-ferreteria.com\/wp-content\/uploads\/2021\/09\/IMG_1881-800x533.jpg 800w, https:\/\/almacen-ferreteria.com\/wp-content\/uploads\/2021\/09\/IMG_1881-1200x800.jpg 1200w, https:\/\/almacen-ferreteria.com\/wp-content\/uploads\/2021\/09\/IMG_1881-scaled.jpg 2560w\" data-sizes=\"auto\" data-orig-sizes=\"(min-width: 2200px) 100vw, (min-width: 824px) 387px, (min-width: 732px) 580px, (min-width: 640px) 732px, \" \/><\/a><\/div><\/div><div style=\"padding:5px;\" class=\"fusion-grid-column fusion-gallery-column fusion-gallery-column-3 hover-type-zoomin\"><div class=\"fusion-gallery-image\"><a href=\"https:\/\/almacen-ferreteria.com\/wp-content\/uploads\/2021\/09\/IMG_1919-scaled.jpg\" rel=\"noreferrer\" data-rel=\"iLightbox[gallery_image_1]\" class=\"fusion-lightbox\" target=\"_self\"><img src=\"https:\/\/almacen-ferreteria.com\/wp-content\/uploads\/2021\/09\/IMG_1919-scaled.jpg\" data-orig-src=\"https:\/\/almacen-ferreteria.com\/wp-content\/uploads\/2021\/09\/IMG_1919-scaled.jpg\" width=\"2560\" height=\"1707\" alt=\"\" title=\"IMG_1919\" aria-label=\"IMG_1919\" class=\"lazyload img-responsive wp-image-1886\" srcset=\"data:image\/svg+xml,%3Csvg%20xmlns%3D%27http%3A%2F%2Fwww.w3.org%2F2000%2Fsvg%27%20width%3D%272560%27%20height%3D%271707%27%20viewBox%3D%270%200%202560%201707%27%3E%3Crect%20width%3D%272560%27%20height%3D%271707%27%20fill-opacity%3D%220%22%2F%3E%3C%2Fsvg%3E\" data-srcset=\"https:\/\/almacen-ferreteria.com\/wp-content\/uploads\/2021\/09\/IMG_1919-200x133.jpg 200w, https:\/\/almacen-ferreteria.com\/wp-content\/uploads\/2021\/09\/IMG_1919-400x267.jpg 400w, https:\/\/almacen-ferreteria.com\/wp-content\/uploads\/2021\/09\/IMG_1919-600x400.jpg 600w, https:\/\/almacen-ferreteria.com\/wp-content\/uploads\/2021\/09\/IMG_1919-800x533.jpg 800w, https:\/\/almacen-ferreteria.com\/wp-content\/uploads\/2021\/09\/IMG_1919-1200x800.jpg 1200w, https:\/\/almacen-ferreteria.com\/wp-content\/uploads\/2021\/09\/IMG_1919-scaled.jpg 2560w\" data-sizes=\"auto\" data-orig-sizes=\"(min-width: 2200px) 100vw, (min-width: 824px) 387px, (min-width: 732px) 580px, (min-width: 640px) 732px, \" \/><\/a><\/div><\/div><div class=\"clearfix\"><\/div><div style=\"padding:5px;\" class=\"fusion-grid-column fusion-gallery-column fusion-gallery-column-3 hover-type-zoomin\"><div class=\"fusion-gallery-image\"><a href=\"https:\/\/almacen-ferreteria.com\/wp-content\/uploads\/2021\/09\/IMG_1930-scaled.jpg\" rel=\"noreferrer\" data-rel=\"iLightbox[gallery_image_1]\" class=\"fusion-lightbox\" target=\"_self\"><img src=\"https:\/\/almacen-ferreteria.com\/wp-content\/uploads\/2021\/09\/IMG_1930-scaled.jpg\" data-orig-src=\"https:\/\/almacen-ferreteria.com\/wp-content\/uploads\/2021\/09\/IMG_1930-scaled.jpg\" width=\"2560\" height=\"1707\" alt=\"\" title=\"IMG_1930\" aria-label=\"IMG_1930\" class=\"lazyload img-responsive wp-image-1887\" srcset=\"data:image\/svg+xml,%3Csvg%20xmlns%3D%27http%3A%2F%2Fwww.w3.org%2F2000%2Fsvg%27%20width%3D%272560%27%20height%3D%271707%27%20viewBox%3D%270%200%202560%201707%27%3E%3Crect%20width%3D%272560%27%20height%3D%271707%27%20fill-opacity%3D%220%22%2F%3E%3C%2Fsvg%3E\" data-srcset=\"https:\/\/almacen-ferreteria.com\/wp-content\/uploads\/2021\/09\/IMG_1930-200x133.jpg 200w, https:\/\/almacen-ferreteria.com\/wp-content\/uploads\/2021\/09\/IMG_1930-400x267.jpg 400w, https:\/\/almacen-ferreteria.com\/wp-content\/uploads\/2021\/09\/IMG_1930-600x400.jpg 600w, https:\/\/almacen-ferreteria.com\/wp-content\/uploads\/2021\/09\/IMG_1930-800x533.jpg 800w, https:\/\/almacen-ferreteria.com\/wp-content\/uploads\/2021\/09\/IMG_1930-1200x800.jpg 1200w, https:\/\/almacen-ferreteria.com\/wp-content\/uploads\/2021\/09\/IMG_1930-scaled.jpg 2560w\" data-sizes=\"auto\" data-orig-sizes=\"(min-width: 2200px) 100vw, (min-width: 824px) 387px, (min-width: 732px) 580px, (min-width: 640px) 732px, \" \/><\/a><\/div><\/div><div style=\"padding:5px;\" class=\"fusion-grid-column fusion-gallery-column fusion-gallery-column-3 hover-type-zoomin\"><div class=\"fusion-gallery-image\"><a href=\"https:\/\/almacen-ferreteria.com\/wp-content\/uploads\/2021\/09\/IMG_1944-scaled.jpg\" rel=\"noreferrer\" data-rel=\"iLightbox[gallery_image_1]\" class=\"fusion-lightbox\" target=\"_self\"><img src=\"https:\/\/almacen-ferreteria.com\/wp-content\/uploads\/2021\/09\/IMG_1944-scaled.jpg\" data-orig-src=\"https:\/\/almacen-ferreteria.com\/wp-content\/uploads\/2021\/09\/IMG_1944-scaled.jpg\" width=\"2560\" height=\"1707\" alt=\"\" title=\"IMG_1944\" aria-label=\"IMG_1944\" class=\"lazyload img-responsive wp-image-1888\" srcset=\"data:image\/svg+xml,%3Csvg%20xmlns%3D%27http%3A%2F%2Fwww.w3.org%2F2000%2Fsvg%27%20width%3D%272560%27%20height%3D%271707%27%20viewBox%3D%270%200%202560%201707%27%3E%3Crect%20width%3D%272560%27%20height%3D%271707%27%20fill-opacity%3D%220%22%2F%3E%3C%2Fsvg%3E\" data-srcset=\"https:\/\/almacen-ferreteria.com\/wp-content\/uploads\/2021\/09\/IMG_1944-200x133.jpg 200w, https:\/\/almacen-ferreteria.com\/wp-content\/uploads\/2021\/09\/IMG_1944-400x267.jpg 400w, https:\/\/almacen-ferreteria.com\/wp-content\/uploads\/2021\/09\/IMG_1944-600x400.jpg 600w, https:\/\/almacen-ferreteria.com\/wp-content\/uploads\/2021\/09\/IMG_1944-800x533.jpg 800w, https:\/\/almacen-ferreteria.com\/wp-content\/uploads\/2021\/09\/IMG_1944-1200x800.jpg 1200w, https:\/\/almacen-ferreteria.com\/wp-content\/uploads\/2021\/09\/IMG_1944-scaled.jpg 2560w\" data-sizes=\"auto\" data-orig-sizes=\"(min-width: 2200px) 100vw, (min-width: 824px) 387px, (min-width: 732px) 580px, (min-width: 640px) 732px, \" \/><\/a><\/div><\/div><div style=\"padding:5px;\" class=\"fusion-grid-column fusion-gallery-column fusion-gallery-column-3 hover-type-zoomin\"><div class=\"fusion-gallery-image\"><a href=\"https:\/\/almacen-ferreteria.com\/wp-content\/uploads\/2021\/09\/IMG_1951-scaled.jpg\" rel=\"noreferrer\" data-rel=\"iLightbox[gallery_image_1]\" class=\"fusion-lightbox\" target=\"_self\"><img src=\"https:\/\/almacen-ferreteria.com\/wp-content\/uploads\/2021\/09\/IMG_1951-scaled.jpg\" data-orig-src=\"https:\/\/almacen-ferreteria.com\/wp-content\/uploads\/2021\/09\/IMG_1951-scaled.jpg\" width=\"2560\" height=\"1707\" alt=\"\" title=\"IMG_1951\" aria-label=\"IMG_1951\" class=\"lazyload img-responsive wp-image-1889\" srcset=\"data:image\/svg+xml,%3Csvg%20xmlns%3D%27http%3A%2F%2Fwww.w3.org%2F2000%2Fsvg%27%20width%3D%272560%27%20height%3D%271707%27%20viewBox%3D%270%200%202560%201707%27%3E%3Crect%20width%3D%272560%27%20height%3D%271707%27%20fill-opacity%3D%220%22%2F%3E%3C%2Fsvg%3E\" data-srcset=\"https:\/\/almacen-ferreteria.com\/wp-content\/uploads\/2021\/09\/IMG_1951-200x133.jpg 200w, https:\/\/almacen-ferreteria.com\/wp-content\/uploads\/2021\/09\/IMG_1951-400x267.jpg 400w, https:\/\/almacen-ferreteria.com\/wp-content\/uploads\/2021\/09\/IMG_1951-600x400.jpg 600w, https:\/\/almacen-ferreteria.com\/wp-content\/uploads\/2021\/09\/IMG_1951-800x533.jpg 800w, https:\/\/almacen-ferreteria.com\/wp-content\/uploads\/2021\/09\/IMG_1951-1200x800.jpg 1200w, https:\/\/almacen-ferreteria.com\/wp-content\/uploads\/2021\/09\/IMG_1951-scaled.jpg 2560w\" data-sizes=\"auto\" data-orig-sizes=\"(min-width: 2200px) 100vw, (min-width: 824px) 387px, (min-width: 732px) 580px, (min-width: 640px) 732px, \" \/><\/a><\/div><\/div><div class=\"clearfix\"><\/div><\/div>\n<\/div><style type=\"text\/css\">.fusion-body .fusion-builder-column-2{width:100% !important;margin-top : 0px;margin-bottom : 70px;}.fusion-builder-column-2 > .fusion-column-wrapper {padding-top : 0px !important;padding-right : 0px !important;margin-right : 1.92%;padding-bottom : 0px !important;padding-left : 0px !important;margin-left : 1.92%;}@media only screen and (max-width:1024px) {.fusion-body .fusion-builder-column-2{width:100% !important;}.fusion-builder-column-2 > .fusion-column-wrapper {margin-right : 1.92%;margin-left : 1.92%;}}@media only screen and (max-width:640px) {.fusion-body .fusion-builder-column-2{width:100% !important;}.fusion-builder-column-2 > .fusion-column-wrapper {margin-right : 1.92%;margin-left : 1.92%;}}<\/style><\/div><\/div><style type=\"text\/css\">.fusion-body .fusion-flex-container.fusion-builder-row-3{ padding-top : 0px;margin-top : 0px;padding-right : 0px;padding-bottom : 0px;margin-bottom : 0px;padding-left : 0px;}<\/style><\/div><\/p>\n","protected":false},"excerpt":{"rendered":"","protected":false},"author":1,"featured_media":0,"parent":0,"menu_order":0,"comment_status":"closed","ping_status":"closed","template":"100-width.php","meta":[],"_links":{"self":[{"href":"https:\/\/almacen-ferreteria.com\/index.php\/wp-json\/wp\/v2\/pages\/7"}],"collection":[{"href":"https:\/\/almacen-ferreteria.com\/index.php\/wp-json\/wp\/v2\/pages"}],"about":[{"href":"https:\/\/almacen-ferreteria.com\/index.php\/wp-json\/wp\/v2\/types\/page"}],"author":[{"embeddable":true,"href":"https:\/\/almacen-ferreteria.com\/index.php\/wp-json\/wp\/v2\/users\/1"}],"replies":[{"embeddable":true,"href":"https:\/\/almacen-ferreteria.com\/index.php\/wp-json\/wp\/v2\/comments?post=7"}],"version-history":[{"count":39,"href":"https:\/\/almacen-ferreteria.com\/index.php\/wp-json\/wp\/v2\/pages\/7\/revisions"}],"predecessor-version":[{"id":1496,"href":"https:\/\/almacen-ferreteria.com\/index.php\/wp-json\/wp\/v2\/pages\/7\/revisions\/1496"}],"wp:attachment":[{"href":"https:\/\/almacen-ferreteria.com\/index.php\/wp-json\/wp\/v2\/media?parent=7"}],"curies":[{"name":"wp","href":"https:\/\/api.w.org\/{rel}","templated":true}]}}